




{"id":186,"date":"2015-05-13T11:56:26","date_gmt":"2015-05-13T11:56:26","guid":{"rendered":"http:\/\/lakukula.com\/?page_id=186"},"modified":"2015-05-18T22:56:02","modified_gmt":"2015-05-18T22:56:02","slug":"otras","status":"publish","type":"page","link":"https:\/\/lakukula.com\/index.php\/otras\/","title":{"rendered":"OTRAS"},"content":{"rendered":"<p>Galer\u00eda de fotos sobre otras tem\u00e1ticas relacionadas con nuestra historia, costumbres y tradiciones.<\/p>\n<!-- index.php -->\n<div\n\tclass=\"ngg-galleryoverview\n\t ngg-ajax-pagination-none\t\"\n\tid=\"ngg-gallery-a26dbaee72c1688e4717fb455a1bbf85-1\">\n\n\t\t<div class=\"slideshowlink\">\n\t\t<a href='https:\/\/lakukula.com\/index.php\/otras\/nggallery\/slideshow'>[Mostrar im\u00e1genes en presentaci\u00f3n de diapositivas]<\/a>\n\n\t<\/div>\n\t\t\t<!-- Thumbnails -->\n\t\t\t\t<div id=\"ngg-image-0\" class=\"ngg-gallery-thumbnail-box\"\n\t\t\t\t\t\t\t\t\t\t\t>\n\t\t\t\t\t\t<div class=\"ngg-gallery-thumbnail\">\n\t\t\t<a href=\"https:\/\/lakukula.com\/wp-content\/gallery\/otras\/FUENTE.jpg\"\n\t\t\t\ttitle=\"Fuente del Bat\u00e1n. Burgui.\"\n\t\t\t\tdata-src=\"https:\/\/lakukula.com\/wp-content\/gallery\/otras\/FUENTE.jpg\"\n\t\t\t\tdata-thumbnail=\"https:\/\/lakukula.com\/wp-content\/gallery\/otras\/thumbs\/thumbs_FUENTE.jpg\"\n\t\t\t\tdata-image-id=\"85\"\n\t\t\t\tdata-title=\"FUENTE\"\n\t\t\t\tdata-description=\"Fuente del Bat\u00e1n. Burgui.\"\n\t\t\t\tdata-image-slug=\"fuente\"\n\t\t\t\tclass=\"ngg-fancybox\" rel=\"a26dbaee72c1688e4717fb455a1bbf85\">\n\t\t\t\t<img\n\t\t\t\t\ttitle=\"FUENTE\"\n\t\t\t\t\talt=\"FUENTE\"\n\t\t\t\t\tsrc=\"https:\/\/lakukula.com\/wp-content\/gallery\/otras\/thumbs\/thumbs_FUENTE.jpg\"\n\t\t\t\t\twidth=\"120\"\n\t\t\t\t\theight=\"90\"\n\t\t\t\t\tstyle=\"max-width:100%;\"\n\t\t\t\t\/>\n\t\t\t<\/a>\n\t\t<\/div>\n\t\t\t\t\t\t\t<\/div>\n\t\t\t\n\t\t\n\t\t\n\t\t<!-- Pagination -->\n\t\t<div class='ngg-clear'><\/div>\t<\/div>\n\n","protected":false},"excerpt":{"rendered":"<p>Galer\u00eda de fotos sobre otras tem\u00e1ticas relacionadas con nuestra historia, costumbres y tradiciones. [Mostrar im\u00e1genes en presentaci\u00f3n de diapositivas]<\/p>\n","protected":false},"author":1,"featured_media":0,"parent":0,"menu_order":0,"comment_status":"open","ping_status":"open","template":"","meta":{"ngg_post_thumbnail":0,"footnotes":""},"class_list":["post-186","page","type-page","status-publish","hentry"],"yoast_head":"<!-- This site is optimized with the Yoast SEO plugin v26.6 - https:\/\/yoast.com\/wordpress\/plugins\/seo\/ -->\n<title>OTRAS - La Kukula<\/title>\n<meta name=\"robots\" content=\"index, follow, max-snippet:-1, max-image-preview:large, max-video-preview:-1\" \/>\n<link rel=\"canonical\" href=\"https:\/\/lakukula.com\/index.php\/otras\/\" \/>\n<meta property=\"og:locale\" content=\"es_ES\" \/>\n<meta property=\"og:type\" content=\"article\" \/>\n<meta property=\"og:title\" content=\"OTRAS - La Kukula\" \/>\n<meta property=\"og:description\" content=\"Galer\u00eda de fotos sobre otras tem\u00e1ticas relacionadas con nuestra historia, costumbres y tradiciones. [Mostrar im\u00e1genes en presentaci\u00f3n de diapositivas]\" \/>\n<meta property=\"og:url\" content=\"https:\/\/lakukula.com\/index.php\/otras\/\" \/>\n<meta property=\"og:site_name\" content=\"La Kukula\" \/>\n<meta property=\"article:modified_time\" content=\"2015-05-18T22:56:02+00:00\" \/>\n<meta property=\"og:image\" content=\"http:\/\/lakukula.com\/index.php\/nextgen-attach_to_post\/preview\/id--197\" \/>\n<meta name=\"twitter:card\" content=\"summary_large_image\" \/>\n<script type=\"application\/ld+json\" class=\"yoast-schema-graph\">{\"@context\":\"https:\/\/schema.org\",\"@graph\":[{\"@type\":\"WebPage\",\"@id\":\"https:\/\/lakukula.com\/index.php\/otras\/\",\"url\":\"https:\/\/lakukula.com\/index.php\/otras\/\",\"name\":\"OTRAS - La Kukula\",\"isPartOf\":{\"@id\":\"https:\/\/lakukula.com\/#website\"},\"primaryImageOfPage\":{\"@id\":\"https:\/\/lakukula.com\/index.php\/otras\/#primaryimage\"},\"image\":{\"@id\":\"https:\/\/lakukula.com\/index.php\/otras\/#primaryimage\"},\"thumbnailUrl\":\"http:\/\/lakukula.com\/index.php\/nextgen-attach_to_post\/preview\/id--197\",\"datePublished\":\"2015-05-13T11:56:26+00:00\",\"dateModified\":\"2015-05-18T22:56:02+00:00\",\"breadcrumb\":{\"@id\":\"https:\/\/lakukula.com\/index.php\/otras\/#breadcrumb\"},\"inLanguage\":\"es\",\"potentialAction\":[{\"@type\":\"ReadAction\",\"target\":[\"https:\/\/lakukula.com\/index.php\/otras\/\"]}]},{\"@type\":\"ImageObject\",\"inLanguage\":\"es\",\"@id\":\"https:\/\/lakukula.com\/index.php\/otras\/#primaryimage\",\"url\":\"http:\/\/lakukula.com\/index.php\/nextgen-attach_to_post\/preview\/id--197\",\"contentUrl\":\"http:\/\/lakukula.com\/index.php\/nextgen-attach_to_post\/preview\/id--197\"},{\"@type\":\"BreadcrumbList\",\"@id\":\"https:\/\/lakukula.com\/index.php\/otras\/#breadcrumb\",\"itemListElement\":[{\"@type\":\"ListItem\",\"position\":1,\"name\":\"Portada\",\"item\":\"https:\/\/lakukula.com\/\"},{\"@type\":\"ListItem\",\"position\":2,\"name\":\"OTRAS\"}]},{\"@type\":\"WebSite\",\"@id\":\"https:\/\/lakukula.com\/#website\",\"url\":\"https:\/\/lakukula.com\/\",\"name\":\"La Kukula\",\"description\":\"Colectivo para la Difusi\u00f3n Hist\u00f3rica y Cultural de la Villa de Burgui (Navarra)\",\"potentialAction\":[{\"@type\":\"SearchAction\",\"target\":{\"@type\":\"EntryPoint\",\"urlTemplate\":\"https:\/\/lakukula.com\/?s={search_term_string}\"},\"query-input\":{\"@type\":\"PropertyValueSpecification\",\"valueRequired\":true,\"valueName\":\"search_term_string\"}}],\"inLanguage\":\"es\"}]}<\/script>\n<!-- \/ Yoast SEO plugin. -->","yoast_head_json":{"title":"OTRAS - La Kukula","robots":{"index":"index","follow":"follow","max-snippet":"max-snippet:-1","max-image-preview":"max-image-preview:large","max-video-preview":"max-video-preview:-1"},"canonical":"https:\/\/lakukula.com\/index.php\/otras\/","og_locale":"es_ES","og_type":"article","og_title":"OTRAS - La Kukula","og_description":"Galer\u00eda de fotos sobre otras tem\u00e1ticas relacionadas con nuestra historia, costumbres y tradiciones. [Mostrar im\u00e1genes en presentaci\u00f3n de diapositivas]","og_url":"https:\/\/lakukula.com\/index.php\/otras\/","og_site_name":"La Kukula","article_modified_time":"2015-05-18T22:56:02+00:00","og_image":[{"url":"http:\/\/lakukula.com\/index.php\/nextgen-attach_to_post\/preview\/id--197","type":"","width":"","height":""}],"twitter_card":"summary_large_image","schema":{"@context":"https:\/\/schema.org","@graph":[{"@type":"WebPage","@id":"https:\/\/lakukula.com\/index.php\/otras\/","url":"https:\/\/lakukula.com\/index.php\/otras\/","name":"OTRAS - La Kukula","isPartOf":{"@id":"https:\/\/lakukula.com\/#website"},"primaryImageOfPage":{"@id":"https:\/\/lakukula.com\/index.php\/otras\/#primaryimage"},"image":{"@id":"https:\/\/lakukula.com\/index.php\/otras\/#primaryimage"},"thumbnailUrl":"http:\/\/lakukula.com\/index.php\/nextgen-attach_to_post\/preview\/id--197","datePublished":"2015-05-13T11:56:26+00:00","dateModified":"2015-05-18T22:56:02+00:00","breadcrumb":{"@id":"https:\/\/lakukula.com\/index.php\/otras\/#breadcrumb"},"inLanguage":"es","potentialAction":[{"@type":"ReadAction","target":["https:\/\/lakukula.com\/index.php\/otras\/"]}]},{"@type":"ImageObject","inLanguage":"es","@id":"https:\/\/lakukula.com\/index.php\/otras\/#primaryimage","url":"http:\/\/lakukula.com\/index.php\/nextgen-attach_to_post\/preview\/id--197","contentUrl":"http:\/\/lakukula.com\/index.php\/nextgen-attach_to_post\/preview\/id--197"},{"@type":"BreadcrumbList","@id":"https:\/\/lakukula.com\/index.php\/otras\/#breadcrumb","itemListElement":[{"@type":"ListItem","position":1,"name":"Portada","item":"https:\/\/lakukula.com\/"},{"@type":"ListItem","position":2,"name":"OTRAS"}]},{"@type":"WebSite","@id":"https:\/\/lakukula.com\/#website","url":"https:\/\/lakukula.com\/","name":"La Kukula","description":"Colectivo para la Difusi\u00f3n Hist\u00f3rica y Cultural de la Villa de Burgui (Navarra)","potentialAction":[{"@type":"SearchAction","target":{"@type":"EntryPoint","urlTemplate":"https:\/\/lakukula.com\/?s={search_term_string}"},"query-input":{"@type":"PropertyValueSpecification","valueRequired":true,"valueName":"search_term_string"}}],"inLanguage":"es"}]}},"_links":{"self":[{"href":"https:\/\/lakukula.com\/index.php\/wp-json\/wp\/v2\/pages\/186","targetHints":{"allow":["GET"]}}],"collection":[{"href":"https:\/\/lakukula.com\/index.php\/wp-json\/wp\/v2\/pages"}],"about":[{"href":"https:\/\/lakukula.com\/index.php\/wp-json\/wp\/v2\/types\/page"}],"author":[{"embeddable":true,"href":"https:\/\/lakukula.com\/index.php\/wp-json\/wp\/v2\/users\/1"}],"replies":[{"embeddable":true,"href":"https:\/\/lakukula.com\/index.php\/wp-json\/wp\/v2\/comments?post=186"}],"version-history":[{"count":3,"href":"https:\/\/lakukula.com\/index.php\/wp-json\/wp\/v2\/pages\/186\/revisions"}],"predecessor-version":[{"id":540,"href":"https:\/\/lakukula.com\/index.php\/wp-json\/wp\/v2\/pages\/186\/revisions\/540"}],"wp:attachment":[{"href":"https:\/\/lakukula.com\/index.php\/wp-json\/wp\/v2\/media?parent=186"}],"curies":[{"name":"wp","href":"https:\/\/api.w.org\/{rel}","templated":true}]}}