




{"id":78,"date":"2015-05-13T08:04:19","date_gmt":"2015-05-13T08:04:19","guid":{"rendered":"http:\/\/lakukula.com\/?page_id=78"},"modified":"2015-05-19T09:13:16","modified_gmt":"2015-05-19T09:13:16","slug":"galerias","status":"publish","type":"page","link":"https:\/\/lakukula.com\/index.php\/galerias\/","title":{"rendered":"GALER\u00cdAS"},"content":{"rendered":"<p>PUEDES CONSULTAR LAS SIGUIENTES GALER\u00cdAS DE IM\u00c1GENES:<\/p>\n<p>&nbsp;<\/p>\n<table border=\"0\" width=\"650\" cellspacing=\"10\">\n<tbody>\n<tr>\n<td style=\"text-align: center;\">\n<p><div id=\"attachment_528\" style=\"width: 160px\" class=\"wp-caption aligncenter\"><a href=\"http:\/\/lakukula.com\/index.php\/personajes\/\"><img loading=\"lazy\" decoding=\"async\" aria-describedby=\"caption-attachment-528\" class=\"wp-image-528 size-thumbnail\" src=\"http:\/\/lakukula.com\/wp-content\/uploads\/2015\/05\/pastor-galeria-150x150.jpg\" alt=\"GENTES\" width=\"150\" height=\"150\" srcset=\"https:\/\/lakukula.com\/wp-content\/uploads\/2015\/05\/pastor-galeria-150x150.jpg 150w, https:\/\/lakukula.com\/wp-content\/uploads\/2015\/05\/pastor-galeria-125x125.jpg 125w\" sizes=\"auto, (max-width: 150px) 100vw, 150px\" \/><\/a><p id=\"caption-attachment-528\" class=\"wp-caption-text\">GENTES<\/p><\/div><\/td>\n<td style=\"text-align: center;\">\n<p><div id=\"attachment_87\" style=\"width: 160px\" class=\"wp-caption aligncenter\"><a href=\"http:\/\/lakukula.com\/index.php\/eventos\/\"><img loading=\"lazy\" decoding=\"async\" aria-describedby=\"caption-attachment-87\" class=\"wp-image-87 size-thumbnail\" src=\"http:\/\/lakukula.com\/wp-content\/uploads\/2015\/05\/ObispoBurgui-150x150.jpg\" alt=\"Fiesta del obispo\" width=\"150\" height=\"150\" srcset=\"https:\/\/lakukula.com\/wp-content\/uploads\/2015\/05\/ObispoBurgui-150x150.jpg 150w, https:\/\/lakukula.com\/wp-content\/uploads\/2015\/05\/ObispoBurgui-125x125.jpg 125w, https:\/\/lakukula.com\/wp-content\/uploads\/2015\/05\/ObispoBurgui-290x290.jpg 290w\" sizes=\"auto, (max-width: 150px) 100vw, 150px\" \/><\/a><p id=\"caption-attachment-87\" class=\"wp-caption-text\">FIESTAS<\/p><\/div><\/td>\n<td style=\"text-align: center;\">\n<p><div id=\"attachment_89\" style=\"width: 160px\" class=\"wp-caption aligncenter\"><a href=\"http:\/\/lakukula.com\/index.php\/oficios\/\"><img loading=\"lazy\" decoding=\"async\" aria-describedby=\"caption-attachment-89\" class=\"size-thumbnail wp-image-89\" src=\"http:\/\/lakukula.com\/wp-content\/uploads\/2015\/05\/2014-10-26-12.01.10-150x150.jpg\" alt=\"La nivera\" width=\"150\" height=\"150\" srcset=\"https:\/\/lakukula.com\/wp-content\/uploads\/2015\/05\/2014-10-26-12.01.10-150x150.jpg 150w, https:\/\/lakukula.com\/wp-content\/uploads\/2015\/05\/2014-10-26-12.01.10-125x125.jpg 125w, https:\/\/lakukula.com\/wp-content\/uploads\/2015\/05\/2014-10-26-12.01.10-290x290.jpg 290w\" sizes=\"auto, (max-width: 150px) 100vw, 150px\" \/><\/a><p id=\"caption-attachment-89\" class=\"wp-caption-text\">OFICIOS<\/p><\/div><\/td>\n<\/tr>\n<tr>\n<td style=\"text-align: center;\">\n<p><div id=\"attachment_48\" style=\"width: 160px\" class=\"wp-caption aligncenter\"><a href=\"http:\/\/lakukula.com\/index.php\/paisajes\/\"><img loading=\"lazy\" decoding=\"async\" aria-describedby=\"caption-attachment-48\" class=\"size-thumbnail wp-image-48\" src=\"http:\/\/lakukula.com\/wp-content\/uploads\/2015\/05\/slider2-150x150.jpg\" alt=\"PAISAJES\" width=\"150\" height=\"150\" srcset=\"https:\/\/lakukula.com\/wp-content\/uploads\/2015\/05\/slider2-150x150.jpg 150w, https:\/\/lakukula.com\/wp-content\/uploads\/2015\/05\/slider2-125x125.jpg 125w, https:\/\/lakukula.com\/wp-content\/uploads\/2015\/05\/slider2-290x290.jpg 290w\" sizes=\"auto, (max-width: 150px) 100vw, 150px\" \/><\/a><p id=\"caption-attachment-48\" class=\"wp-caption-text\">PAISAJES<\/p><\/div><\/td>\n<td style=\"text-align: center;\">\n<p><div id=\"attachment_547\" style=\"width: 160px\" class=\"wp-caption aligncenter\"><a href=\"http:\/\/lakukula.com\/index.php\/actos\/\"><img loading=\"lazy\" decoding=\"async\" aria-describedby=\"caption-attachment-547\" class=\"wp-image-547 size-thumbnail\" src=\"http:\/\/lakukula.com\/wp-content\/uploads\/2015\/05\/baile-150x150.jpg\" alt=\"ACTOS\" width=\"150\" height=\"150\" srcset=\"https:\/\/lakukula.com\/wp-content\/uploads\/2015\/05\/baile-150x150.jpg 150w, https:\/\/lakukula.com\/wp-content\/uploads\/2015\/05\/baile-125x125.jpg 125w\" sizes=\"auto, (max-width: 150px) 100vw, 150px\" \/><\/a><p id=\"caption-attachment-547\" class=\"wp-caption-text\">ACTOS<\/p><\/div><\/td>\n<td style=\"text-align: center;\">\n<p><div id=\"attachment_90\" style=\"width: 160px\" class=\"wp-caption aligncenter\"><a href=\"http:\/\/lakukula.com\/index.php\/otras\/\"><img loading=\"lazy\" decoding=\"async\" aria-describedby=\"caption-attachment-90\" class=\"size-thumbnail wp-image-90\" src=\"http:\/\/lakukula.com\/wp-content\/uploads\/2015\/05\/2014-08-30-09.57.46-150x150.jpg\" alt=\"Burgui, desde el castillo\" width=\"150\" height=\"150\" srcset=\"https:\/\/lakukula.com\/wp-content\/uploads\/2015\/05\/2014-08-30-09.57.46-150x150.jpg 150w, https:\/\/lakukula.com\/wp-content\/uploads\/2015\/05\/2014-08-30-09.57.46-125x125.jpg 125w, https:\/\/lakukula.com\/wp-content\/uploads\/2015\/05\/2014-08-30-09.57.46-290x290.jpg 290w\" sizes=\"auto, (max-width: 150px) 100vw, 150px\" \/><\/a><p id=\"caption-attachment-90\" class=\"wp-caption-text\">OTRAS<\/p><\/div><\/td>\n<\/tr>\n<\/tbody>\n<\/table>\n","protected":false},"excerpt":{"rendered":"<p>PUEDES CONSULTAR LAS SIGUIENTES GALER\u00cdAS DE IM\u00c1GENES: &nbsp;<\/p>\n","protected":false},"author":1,"featured_media":0,"parent":0,"menu_order":0,"comment_status":"open","ping_status":"open","template":"","meta":{"ngg_post_thumbnail":0,"footnotes":""},"class_list":["post-78","page","type-page","status-publish","hentry"],"yoast_head":"<!-- This site is optimized with the Yoast SEO plugin v26.6 - https:\/\/yoast.com\/wordpress\/plugins\/seo\/ -->\n<title>GALER\u00cdAS - La Kukula<\/title>\n<meta name=\"robots\" content=\"index, follow, max-snippet:-1, max-image-preview:large, max-video-preview:-1\" \/>\n<link rel=\"canonical\" href=\"https:\/\/lakukula.com\/index.php\/galerias\/\" \/>\n<meta property=\"og:locale\" content=\"es_ES\" \/>\n<meta property=\"og:type\" content=\"article\" \/>\n<meta property=\"og:title\" content=\"GALER\u00cdAS - La Kukula\" \/>\n<meta property=\"og:description\" content=\"PUEDES CONSULTAR LAS SIGUIENTES GALER\u00cdAS DE IM\u00c1GENES: &nbsp;\" \/>\n<meta property=\"og:url\" content=\"https:\/\/lakukula.com\/index.php\/galerias\/\" \/>\n<meta property=\"og:site_name\" content=\"La Kukula\" \/>\n<meta property=\"article:modified_time\" content=\"2015-05-19T09:13:16+00:00\" \/>\n<meta property=\"og:image\" content=\"https:\/\/lakukula.com\/wp-content\/uploads\/2015\/05\/pastor-galeria.jpg\" \/>\n\t<meta property=\"og:image:width\" content=\"210\" \/>\n\t<meta property=\"og:image:height\" content=\"228\" \/>\n\t<meta property=\"og:image:type\" content=\"image\/jpeg\" \/>\n<meta name=\"twitter:card\" content=\"summary_large_image\" \/>\n<script type=\"application\/ld+json\" class=\"yoast-schema-graph\">{\"@context\":\"https:\/\/schema.org\",\"@graph\":[{\"@type\":\"WebPage\",\"@id\":\"https:\/\/lakukula.com\/index.php\/galerias\/\",\"url\":\"https:\/\/lakukula.com\/index.php\/galerias\/\",\"name\":\"GALER\u00cdAS - La Kukula\",\"isPartOf\":{\"@id\":\"https:\/\/lakukula.com\/#website\"},\"primaryImageOfPage\":{\"@id\":\"https:\/\/lakukula.com\/index.php\/galerias\/#primaryimage\"},\"image\":{\"@id\":\"https:\/\/lakukula.com\/index.php\/galerias\/#primaryimage\"},\"thumbnailUrl\":\"http:\/\/lakukula.com\/wp-content\/uploads\/2015\/05\/pastor-galeria-150x150.jpg\",\"datePublished\":\"2015-05-13T08:04:19+00:00\",\"dateModified\":\"2015-05-19T09:13:16+00:00\",\"breadcrumb\":{\"@id\":\"https:\/\/lakukula.com\/index.php\/galerias\/#breadcrumb\"},\"inLanguage\":\"es\",\"potentialAction\":[{\"@type\":\"ReadAction\",\"target\":[\"https:\/\/lakukula.com\/index.php\/galerias\/\"]}]},{\"@type\":\"ImageObject\",\"inLanguage\":\"es\",\"@id\":\"https:\/\/lakukula.com\/index.php\/galerias\/#primaryimage\",\"url\":\"http:\/\/lakukula.com\/wp-content\/uploads\/2015\/05\/pastor-galeria-150x150.jpg\",\"contentUrl\":\"http:\/\/lakukula.com\/wp-content\/uploads\/2015\/05\/pastor-galeria-150x150.jpg\"},{\"@type\":\"BreadcrumbList\",\"@id\":\"https:\/\/lakukula.com\/index.php\/galerias\/#breadcrumb\",\"itemListElement\":[{\"@type\":\"ListItem\",\"position\":1,\"name\":\"Portada\",\"item\":\"https:\/\/lakukula.com\/\"},{\"@type\":\"ListItem\",\"position\":2,\"name\":\"GALER\u00cdAS\"}]},{\"@type\":\"WebSite\",\"@id\":\"https:\/\/lakukula.com\/#website\",\"url\":\"https:\/\/lakukula.com\/\",\"name\":\"La Kukula\",\"description\":\"Colectivo para la Difusi\u00f3n Hist\u00f3rica y Cultural de la Villa de Burgui (Navarra)\",\"potentialAction\":[{\"@type\":\"SearchAction\",\"target\":{\"@type\":\"EntryPoint\",\"urlTemplate\":\"https:\/\/lakukula.com\/?s={search_term_string}\"},\"query-input\":{\"@type\":\"PropertyValueSpecification\",\"valueRequired\":true,\"valueName\":\"search_term_string\"}}],\"inLanguage\":\"es\"}]}<\/script>\n<!-- \/ Yoast SEO plugin. -->","yoast_head_json":{"title":"GALER\u00cdAS - La Kukula","robots":{"index":"index","follow":"follow","max-snippet":"max-snippet:-1","max-image-preview":"max-image-preview:large","max-video-preview":"max-video-preview:-1"},"canonical":"https:\/\/lakukula.com\/index.php\/galerias\/","og_locale":"es_ES","og_type":"article","og_title":"GALER\u00cdAS - La Kukula","og_description":"PUEDES CONSULTAR LAS SIGUIENTES GALER\u00cdAS DE IM\u00c1GENES: &nbsp;","og_url":"https:\/\/lakukula.com\/index.php\/galerias\/","og_site_name":"La Kukula","article_modified_time":"2015-05-19T09:13:16+00:00","og_image":[{"width":210,"height":228,"url":"https:\/\/lakukula.com\/wp-content\/uploads\/2015\/05\/pastor-galeria.jpg","type":"image\/jpeg"}],"twitter_card":"summary_large_image","schema":{"@context":"https:\/\/schema.org","@graph":[{"@type":"WebPage","@id":"https:\/\/lakukula.com\/index.php\/galerias\/","url":"https:\/\/lakukula.com\/index.php\/galerias\/","name":"GALER\u00cdAS - La Kukula","isPartOf":{"@id":"https:\/\/lakukula.com\/#website"},"primaryImageOfPage":{"@id":"https:\/\/lakukula.com\/index.php\/galerias\/#primaryimage"},"image":{"@id":"https:\/\/lakukula.com\/index.php\/galerias\/#primaryimage"},"thumbnailUrl":"http:\/\/lakukula.com\/wp-content\/uploads\/2015\/05\/pastor-galeria-150x150.jpg","datePublished":"2015-05-13T08:04:19+00:00","dateModified":"2015-05-19T09:13:16+00:00","breadcrumb":{"@id":"https:\/\/lakukula.com\/index.php\/galerias\/#breadcrumb"},"inLanguage":"es","potentialAction":[{"@type":"ReadAction","target":["https:\/\/lakukula.com\/index.php\/galerias\/"]}]},{"@type":"ImageObject","inLanguage":"es","@id":"https:\/\/lakukula.com\/index.php\/galerias\/#primaryimage","url":"http:\/\/lakukula.com\/wp-content\/uploads\/2015\/05\/pastor-galeria-150x150.jpg","contentUrl":"http:\/\/lakukula.com\/wp-content\/uploads\/2015\/05\/pastor-galeria-150x150.jpg"},{"@type":"BreadcrumbList","@id":"https:\/\/lakukula.com\/index.php\/galerias\/#breadcrumb","itemListElement":[{"@type":"ListItem","position":1,"name":"Portada","item":"https:\/\/lakukula.com\/"},{"@type":"ListItem","position":2,"name":"GALER\u00cdAS"}]},{"@type":"WebSite","@id":"https:\/\/lakukula.com\/#website","url":"https:\/\/lakukula.com\/","name":"La Kukula","description":"Colectivo para la Difusi\u00f3n Hist\u00f3rica y Cultural de la Villa de Burgui (Navarra)","potentialAction":[{"@type":"SearchAction","target":{"@type":"EntryPoint","urlTemplate":"https:\/\/lakukula.com\/?s={search_term_string}"},"query-input":{"@type":"PropertyValueSpecification","valueRequired":true,"valueName":"search_term_string"}}],"inLanguage":"es"}]}},"_links":{"self":[{"href":"https:\/\/lakukula.com\/index.php\/wp-json\/wp\/v2\/pages\/78","targetHints":{"allow":["GET"]}}],"collection":[{"href":"https:\/\/lakukula.com\/index.php\/wp-json\/wp\/v2\/pages"}],"about":[{"href":"https:\/\/lakukula.com\/index.php\/wp-json\/wp\/v2\/types\/page"}],"author":[{"embeddable":true,"href":"https:\/\/lakukula.com\/index.php\/wp-json\/wp\/v2\/users\/1"}],"replies":[{"embeddable":true,"href":"https:\/\/lakukula.com\/index.php\/wp-json\/wp\/v2\/comments?post=78"}],"version-history":[{"count":16,"href":"https:\/\/lakukula.com\/index.php\/wp-json\/wp\/v2\/pages\/78\/revisions"}],"predecessor-version":[{"id":550,"href":"https:\/\/lakukula.com\/index.php\/wp-json\/wp\/v2\/pages\/78\/revisions\/550"}],"wp:attachment":[{"href":"https:\/\/lakukula.com\/index.php\/wp-json\/wp\/v2\/media?parent=78"}],"curies":[{"name":"wp","href":"https:\/\/api.w.org\/{rel}","templated":true}]}}